{"id":4563,"date":"2023-01-31T16:25:39","date_gmt":"2023-01-31T15:25:39","guid":{"rendered":"https:\/\/www.inahohoff.de\/?page_id=4563"},"modified":"2023-02-16T16:05:30","modified_gmt":"2023-02-16T15:05:30","slug":"impressum-2","status":"publish","type":"page","link":"https:\/\/www.inahohoff.de\/?page_id=4563","title":{"rendered":"Impressum"},"content":{"rendered":"<section class=\"wpb-content-wrapper\"><p>[vc_row css=&#8221;.vc_custom_1675176141323{padding-top: 75px !important;background-color: #f1ece8 !important;}&#8221;][vc_column width=&#8221;1\/4&#8243;][\/vc_column][vc_column width=&#8221;3\/4&#8243;]<style>.ld_spacer_6a04d8370c58d{height:75px;}<\/style>\n<div class=\"ld-empty-space ld_spacer_6a04d8370c58d\"><span class=\"liquid_empty_space_inner\"><\/span><\/div><header class=\"fancy-title ld_section_title_6a04d8370c66f\">\n\t<h2>Impressum<\/h2>\t\t<\/header>[vc_column_text]<strong>Angaben gem\u00e4\u00df \u00a7 5 TMG:<\/strong><\/p>\n<p style=\"padding-left: 40px;\">Ina Hohoff<br \/>\nHeilpraktikerin<br \/>\nZur B\u00f6rse 2<br \/>\n10247 Berlin<\/p>\n<p><strong>Kontakt:<\/strong><\/p>\n<p style=\"padding-left: 40px;\">+49 (0) 178 6471969<br \/>\nina.hohoff [ @ ] posteo.de<\/p>\n<p><strong>Umsatzsteuer:<\/strong><\/p>\n<p style=\"padding-left: 40px;\">Umsatzsteuer-Identifikationsnummer gem\u00e4\u00df \u00a727 a Umsatzsteuergesetz:<br \/>\nIm Heilberuf befreit von der Umsatzsteuer gem\u00e4\u00df \u00a7 4 UStG<\/p>\n<p><strong>Aufsichtsbeh\u00f6rde:<\/strong><\/p>\n<p style=\"padding-left: 40px;\"><span id=\"page99R_mcid8\" class=\"markedContent\"><span dir=\"ltr\" role=\"presentation\">Bezirksamt Lichtenberg von Berlin<\/span><\/span><span id=\"page99R_mcid9\" class=\"markedContent\"><br role=\"presentation\" \/><span dir=\"ltr\" role=\"presentation\">Gesundheitsamt <\/span><\/span><span id=\"page99R_mcid10\" class=\"markedContent\"><span dir=\"ltr\" role=\"presentation\">Heilpraktikerbereich<br \/>\n<\/span><\/span><span id=\"page99R_mcid11\" class=\"markedContent\"><\/span><span id=\"page99R_mcid12\" class=\"markedContent\"><\/span>10360 Berlin<span id=\"page99R_mcid12\" class=\"markedContent\"><\/span><\/p>\n<p>Staatliche \u00dcberpr\u00fcfung am 20.11.2017 in Berlin\/Deutschland<\/p>\n<p><a href=\"https:\/\/www.berlin.de\/ba-lichtenberg\/auf-einen-blick\/buergerservice\/gesundheit\/datenschutzerklaerung-gemaess-eu-dsgvo-heilpraktikerbereich.pdf\">https:\/\/www.berlin.de\/ba-lichtenberg\/auf-einen-blick\/buergerservice\/gesundheit \/datenschutzerklaerung-gemaess-eu-dsgvo-heilpraktikerbereich.pdf<\/a><\/p>\n<p><strong>Berufsbezeichnung und berufsrechtliche Regelungen<\/strong><\/p>\n<p style=\"padding-left: 40px;\"><em>Berufsbezeichnung:<\/em>\u00a0Heilpraktikerin<br \/>\n<em>Zust\u00e4ndige Kammer:<\/em> Gesundheitsamt Berlin-Lichtenberg<br \/>\n<em>Verliehen durch:<\/em>\u00a0Bundesrepublik Deutschland<\/p>\n<p style=\"padding-left: 40px;\"><em>Regelungen einsehbar unter:<\/em>\u00a0<a href=\"http:\/\/www.gesetze-im-internet.de\/heilprgdv_1\/index.html\" target=\"_blank\" rel=\"noreferrer noopener\">http:\/\/www.gesetze-im-internet.de\/heilprgdv_1\/index.html<\/a><\/p>\n<p><strong>Streitschlichtung<\/strong><\/p>\n<p style=\"padding-left: 40px;\">Die Europ\u00e4ische Kommission stellt eine Plattform zur Online-Streitbeilegung bereit:<br \/>\n<a href=\"https:\/\/ec.europa.eu\/consumers\/odr\" target=\"_blank\" rel=\"noreferrer noopener\">https:\/\/ec.europa.eu\/consumers\/odr<\/a>.<br \/>\nUnsere E-Mail-Adresse finden Sie oben im Impressum.<\/p>\n<p style=\"padding-left: 40px;\">Wir sind nicht bereit oder verpflichtet, an Streitbeilegungsverfahren vor einer Verbraucherschlichtungsstelle teilzunehmen.<\/p>\n<p><strong>Haftungsausschluss (Disclaimer)<\/strong><\/p>\n<p><strong>Haftung f\u00fcr Inhalte<\/strong><\/p>\n<p style=\"padding-left: 40px;\">Als Diensteanbieter sind wir gem\u00e4\u00df \u00a7 7 Abs.1 TMG f\u00fcr eigene Inhalte auf diesen Seiten nach den allgemeinen Gesetzen verantwortlich. Nach \u00a7\u00a7 8 bis 10 TMG sind wir als Diensteanbieter jedoch nicht verpflichtet, \u00fcbermittelte oder gespeicherte fremde Informationen zu \u00fcberwachen oder nach Umst\u00e4nden zu forschen, die auf eine rechtswidrige T\u00e4tigkeit hinweisen. Verpflichtungen zur Entfernung oder Sperrung der Nutzung von Informationen nach den allgemeinen Gesetzen bleiben hiervon unber\u00fchrt. Eine diesbez\u00fcgliche Haftung ist jedoch erst ab dem Zeitpunkt der Kenntnis einer konkreten Rechtsverletzung m\u00f6glich. Bei Bekanntwerden von entsprechenden Rechtsverletzungen werden wir diese Inhalte umgehend entfernen.<\/p>\n<p><strong>Haftung f\u00fcr Links<\/strong><\/p>\n<p style=\"padding-left: 40px;\">Unser Angebot enth\u00e4lt Links zu externen Webseiten Dritter, auf deren Inhalte wir keinen Einfluss haben. Deshalb k\u00f6nnen wir f\u00fcr diese fremden Inhalte auch keine Gew\u00e4hr \u00fcbernehmen. F\u00fcr die Inhalte der verlinkten Seiten ist stets der jeweilige Anbieter oder Betreiber der Seiten verantwortlich. Die verlinkten Seiten wurden zum Zeitpunkt der Verlinkung auf m\u00f6gliche Rechtsverst\u00f6\u00dfe \u00fcberpr\u00fcft. Rechtswidrige Inhalte waren zum Zeitpunkt der Verlinkung nicht erkennbar. Eine permanente inhaltliche Kontrolle der verlinkten Seiten ist jedoch ohne konkrete Anhaltspunkte einer Rechtsverletzung nicht zumutbar. Bei Bekanntwerden von Rechtsverletzungen werden wir derartige Links umgehend entfernen.<\/p>\n<p><strong>Urheberrecht<\/strong><\/p>\n<p style=\"padding-left: 40px;\">Die durch die Seitenbetreiber erstellten Inhalte und Werke auf diesen Seiten unterliegen dem deutschen Urheberrecht. Die Vervielf\u00e4ltigung, Bearbeitung, Verbreitung und jede Art der Verwertung au\u00dferhalb der Grenzen des Urheberrechtes bed\u00fcrfen der schriftlichen Zustimmung des jeweiligen Autors bzw. Erstellers. Downloads und Kopien dieser Seite sind nur f\u00fcr den privaten, nicht kommerziellen Gebrauch gestattet. Soweit die Inhalte auf dieser Seite nicht vom Betreiber erstellt wurden, werden die Urheberrechte Dritter beachtet. Insbesondere werden Inhalte Dritter als solche gekennzeichnet. Sollten Sie trotzdem auf eine Urheberrechtsverletzung aufmerksam werden, bitten wir um einen entsprechenden Hinweis. Bei Bekanntwerden von Rechtsverletzungen werden wir derartige Inhalte umgehend entfernen.<\/p>\n<p>Quelle: <em><a class=\"ext-link\" href=\"http:\/\/www.e-recht24.de\/impressum-generator.html\" target=\"_blank\" rel=\"external nofollow noopener\">http:\/\/www.e-recht24.de<\/a><\/em>[\/vc_column_text]<style>.ld_spacer_6a04d8370c88a{height:75px;}<\/style>\n<div class=\"ld-empty-space ld_spacer_6a04d8370c88a\"><span class=\"liquid_empty_space_inner\"><\/span><\/div>[\/vc_column][\/vc_row]<\/p>\n<\/section>","protected":false},"excerpt":{"rendered":"<p>[vc_row css=&#8221;.vc_custom_1675176141323{padding-top: 75px !important;background-color: #f1ece8 !important;}&#8221;][vc_column width=&#8221;1\/4&#8243;][\/vc_column][vc_column width=&#8221;3\/4&#8243;][vc_column_text]Angaben gem\u00e4\u00df \u00a7 5 TMG: Ina Hohoff Heilpraktikerin&#8230;<\/p>\n","protected":false},"author":2,"featured_media":0,"parent":0,"menu_order":0,"comment_status":"closed","ping_status":"closed","template":"","meta":{"footnotes":""},"class_list":["post-4563","page","type-page","status-publish","hentry"],"_links":{"self":[{"href":"https:\/\/www.inahohoff.de\/index.php?rest_route=\/wp\/v2\/pages\/4563","targetHints":{"allow":["GET"]}}],"collection":[{"href":"https:\/\/www.inahohoff.de\/index.php?rest_route=\/wp\/v2\/pages"}],"about":[{"href":"https:\/\/www.inahohoff.de\/index.php?rest_route=\/wp\/v2\/types\/page"}],"author":[{"embeddable":true,"href":"https:\/\/www.inahohoff.de\/index.php?rest_route=\/wp\/v2\/users\/2"}],"replies":[{"embeddable":true,"href":"https:\/\/www.inahohoff.de\/index.php?rest_route=%2Fwp%2Fv2%2Fcomments&post=4563"}],"version-history":[{"count":15,"href":"https:\/\/www.inahohoff.de\/index.php?rest_route=\/wp\/v2\/pages\/4563\/revisions"}],"predecessor-version":[{"id":4638,"href":"https:\/\/www.inahohoff.de\/index.php?rest_route=\/wp\/v2\/pages\/4563\/revisions\/4638"}],"wp:attachment":[{"href":"https:\/\/www.inahohoff.de\/index.php?rest_route=%2Fwp%2Fv2%2Fmedia&parent=4563"}],"curies":[{"name":"wp","href":"https:\/\/api.w.org\/{rel}","templated":true}]}}